 is the remainder when 174 is divided by t(r)?
30
Let x(o) = 3*o**2 - 201*o + 246. What is the remainder when 221 is divided by x(66)?
29
Suppose -107*y + 112*y + 2*q = 1285, -y + 257 = q. Calculate the remainder when y is divided by 27.
14
Suppose -2*z + 5*y + 4173 = -18975, -z + 11559 = -5*y. What is the remainder when z is divided by 305?
304
Suppose 5427*o - 1350 = 5400*o. What is the remainder when 4/10 - 3446/(-10) is divided by o?
45
Suppose -2*f = -5*k + 103 + 5, 5*k + 3*f = 88. What is the remainder when 14057 is divided by k?
17
Suppose -359*w = -360*w + 581. Suppose -181 = -q - 3*x + 104, 0 = -2*q + 5*x + w. Calculate the remainder when q is divided by 75.
63
Let n(f) = f**3 + 22*f**2 + 41*f + 48. What is the remainder when n(-20) is divided by 16?
12
Let z be (2/6)/((-2)/(-12)). Let m(i) = -i**3 - 3*i**2 + 17*i + 7. Let a be m(3). Suppose -z = -l + a. Calculate the remainder when 22 is divided by l.
4
Let c(f) = 3*f**2 + 6*f + 3. Let j = 55 - 49. Calculate the remainder when c(-3) is divided by -3 + (60/(-21))/(j/(-21)).
5
Suppose -t = 2*g - 6 - 1, -t + 2*g = -7. Let k = t - -39. What is the remainder when 272 is divided by k?
42
Let u(z) = z**3 - 2*z**2 + z. Let p(t) = 10*t**3 - 9*t**2 - 2*t + 7. Let v(g) = -p(g) + 5*u(g). Calculate the remainder when v(-4) is divided by 45.
44
Let g = -495 - -1963. Let d = -1386 + g. Calculate the remainder when d is divided by 1/2 + 174/4.
38
Suppose -2*v - 8 = -4. Calculate the remainder when ((-4)/(-14) - 1309/(-49)) + v is divided by 9.
7
Let n = 9 + -7. Let i(d) = -129*d - d**3 - 7*d**2 - 18 + 124*d - d**n. Calculate the remainder when 107 is divided by i(-8).
19
Let h = 5101 - 4962. What is the remainder when 513 is divided by h?
96
Let r(m) = 3*m**3 + 2*m**2 - 16*m + 168. Let w = 179 + -122. Calculate the remainder when r(0) is divided by w.
54
Let k be ((-15)/12)/(1/(-4)). Suppose -2*j + k*j - 156 = 0. Let s = -8 - -30. What is the remainder when j is divided by s?
8
Let b(c) = c**3 - 22*c**2 - 133*c - 52. Let p be b(27). What is the remainder when (285/(-30))/(p/(-28)) is divided by 41?
10
Suppose -2*a = -3*j + 321, -5*j + 711 = -3*a + 174. What is the remainder when 199 is divided by j?
88
Let u = -6211 - -6565. What is the remainder when u is divided by 9?
3
Suppose 3*s = 5*r + 23 + 163, 2*r = 5*s - 310. What is the remainder when s is divided by 18?
8
Let c = 57 + -53. Suppose 0*o - 4*o = -c*g + 8, o = 2*g - 7. Calculate the remainder when 29 is divided by 1 + o + 8 + 4.
13
Suppose 2*h = 2*t + 86, -4*t + 91 = 2*h - t. Suppose -3*j - 6*i + 120 = -7*i, j - 40 = 4*i. Let w = h - j. Calculate the remainder when w is divided by 3.
1
Let b = -241 - -428. Let h(d) = d**3 + 16*d**2 + 25*d + 21. Calculate the remainder when b is divided by h(-14).
61
Let q be 23*(-7 + 3 + -2). Let j be 0 - 0 - q - (-1 + -1). Suppose -4*f - f = 5*h - j, h = f - 30. Calculate the remainder when 83 is divided by f.
25
Let g(z) = -22*z**2 - 88*z - 4. What is the remainder when 349 is divided by g(-3)?
39
Suppose 33337 = 38*y - 29021. What is the remainder when y is divided by 61?
55
Suppose 50*u + 121*u - 14178 = 32*u. What is the remainder when 418 is divided by u?
10
Let y = 8064 + -4325. What is the remainder when y is divided by 85?
84
Let v = 223 + -223. Suppose w - 5*y - 6 = v, 2*y = -2*w + 6*y + 36. What is the remainder when 99 is divided by w?
21
Calculate the remainder when (168/(-32) + 6)*224 + 21/3 is divided by ((-564)/24)/(2/(-4)).
34
Let y(q) = 220*q**2 - 1. Let r be y(1). Suppose b = -3*d + r, d - 91 = -2*b - 13. Suppose 59*w - 55*w - d = 0. What is the remainder when 35 is divided by w?
17
Let j = 127 + -100. Let w(o) = 10*o**2 - 5*o + 5. Let i be w(-5). Let b = i + -146. What is the remainder when b is divided by j?
26
Let i = -32 + 75. Suppose i + 75 = 2*w. Suppose 0 = 208*t - 229*t + 252. Calculate the remainder when w is divided by t.
11
Let z(t) = -t**2 - 32*t. Calculate the remainder when z(-16) is divided by 133.
123
Let x be 1*50/14 - 39/(-91). Suppose 2*k + k + 237 = 5*m, 2*m - 92 = x*k. Calculate the remainder when 94 is divided by m.
46
Suppose 1 = -2*k + x + 2*x, 4*k - 31 = -5*x. Suppose -g = k*d - 0*d - 242, 4*g - 2*d - 1004 = 0. What is the remainder when g is divided by 85?
80
Let r(b) = -8*b + 52. Let l be 20*((-4)/(-16) - 0). Calculate the remainder when 262 is divided by r(l).
10
Let j = 3822 + -3784. Calculate the remainder when 257 is divided by j.
29
Let q be (5 + 4)*2/6. Suppose 232 = -q*l + 250. Calculate the remainder when 21 is divided by l.
3
Suppose -2*z + 350 + 254 = v, 3*z + 3*v - 903 = 0. Let p = 15 - 11. Suppose 417 = 4*x - w, 4*x - x - z = p*w. Calculate the remainder when x is divided by 37.
31
Let x(n) = -n**2 - 5*n - 7. Let k be x(-2). Let g be (-1 - (k - -2)) + -4. What is the remainder when 76 is divided by (g - -4)*(-11)/2?
10
Let w(c) = -2*c**3 + 49*c**2 + 22*c - 37. Let o be w(25). Let p = 128 - o. Calculate the remainder when p is divided by 81.
78
Suppose n = -2*n - 18. Let w be 1/5*3/(n/(-370)). Suppose -2*x + x = -w. Calculate the remainder when x is divided by 17.
3
Suppose 0 = -2*w - 4*h, -8*h = -5*w - 14*h + 24. What is the remainder when 7137 is divided by w?
9
Let z(i) = -13*i**2 - 7*i + 1. Let x be z(-4). Let p = -13 + x. Calculate the remainder when (5 - (-44)/(-8))*p is divided by 25.
21
Let n be -8 - -8 - (-4 + 684/6). Calculate the remainder when 197 is divided by (-8 + 9)*-7 - n.
94
Let w = -484 - -760. What is the remainder when 340 is divided by w?
64
Let m(v) = 2*v**3 + 9*v**2 - 14*v - 25. What is the remainder when 359 is divided by m(-5)?
19
Let w be 6/3*(2 + -5 - -9). Suppose -w*y = 28 - 304. What is the remainder when 181 is divided by y?
20
Let p(b) = 6*b**2 + 3*b + 9. Let d be p(-8). Suppose -3*s + 0*s + d = 0. Calculate the remainder when s is divided by 23/69*3/4*124.
30
Let b(w) = 276*w**2 + 1648*w - 11. Calculate the remainder when 100 is divided by b(-6).
26
Let l(n) = 19*n - 12. Let s(d) = d + 9. Let f be s(-5). Suppose -w + f = 3*w + 3*o, -o - 4 = 0. Calculate the remainder when l(w) is divided by 13.
12
Suppose -8*f - 6 = -2*n - 7*f, -4*f + 6 = -2*n. Suppose 5*o - 22 = 28. What is the remainder when o is divided by n?
0
Let f(p) = 60*p - 45. What is the remainder when 529 is divided by f(2)?
4
Suppose -3*q - 5*s = q - 1060, -s = -3*q + 776. Let t = q - 157. Calculate the remainder when t is divided by 19.
8
Let q(b) = -452*b + 2289. Calculate the remainder when 5016 is divided by q(5).
28
Let h(n) = 2*n**2 - 11*n + 2. What is the remainder when 332/(-7)*5915/(-1690) is divided by h(8)?
40
Suppose 509*l - 511*l - 7 = -11*s, 3*l - 4*s - 27 = 0. Let k = -9 + 14. Suppose -k*g + 6*g = 192. What is the remainder when g is divided by l?
10
Suppose -166 = -f - 59. Let u = 149 - f. What is the remainder when 207 is divided by u?
39
Suppose -136*q - 364 = -149*q. Suppose 415 = 5*n - 5*i, 3*n - 3*i - 330 = -n. Calculate the remainder when n is divided by q.
25
Let u(q) = q**2 + 60*q + 63. Let v be u(-59). Suppose -16*x + 71 = v*d - 11*x, -2*d + 5*x + 13 = 0. Calculate the remainder when 80 is divided by d.
10
Let f(q) = 143*q + 1. Let w be f(4). Suppose 3*i - 3*j + 88 = 691, -3*i = 3*j - w. Suppose 44*x - 66 = 42*x. Calculate the remainder when i is divided by x.
31
What is the remainder when 272/(-612) - (-30530)/45 is divided by 9?
3
Let n(y) = -y**3 + 43*y**2 + 92*y - 72. Let f be n(45). Suppose -2*i + 5*d = -58, -f - 32 = -2*i + d. What is the remainder when 1173 is divided by i?
21
Suppose 0 = 29*q - 25*q + 2*i - 2336, 8 = 4*i. Calculate the remainder when q is divided by 25.
8
Let a(s) = 15*s. Suppose -809*b - 6765 = -1424*b. What is the remainder when a(2) is divided by b?
8
Let x = 246 - 242. Suppose -16 = 3*f - x*f + 2*i, -4*f - 3*i = -53. Let d(s) = -150*s**3 + s**2 - s - 1. What is the remainder when d(-1) is divided by f?
11
Let c = 94 + -94. Let j be 349 + (c - 3) - 4. Suppose -j = -2*k + 212. Calculate the remainder when k is divided by 28.
25
Calculate the remainder when ((-1544)/22)/(-19 - (-2277)/121) is divided by 27.
8
Let k = -232800 + 232824. Suppose 5*a + 5347 = n, -a - 3*n - 1063 = -0*a. What is the remainder when (-6)/(-27) - a/9 is divided by k?
23
Suppose x - 17 = -13. Suppose -2*k + u - 4*u = -13, k = x*u 